{"id":1158,"date":"2020-04-05T10:34:00","date_gmt":"2020-04-05T08:34:00","guid":{"rendered":"https:\/\/turmschiefbahn.de\/?page_id=1158"},"modified":"2026-01-25T14:12:52","modified_gmt":"2026-01-25T13:12:52","slug":"dokumente","status":"publish","type":"page","link":"https:\/\/turmschiefbahn.de\/?page_id=1158","title":{"rendered":"Dokumente"},"content":{"rendered":"\n<div class=\"wp-block-file\"><a id=\"wp-block-file--media-1cda4f66-823c-4d3b-b12e-4d7d87f2168e\" href=\"https:\/\/turmschiefbahn.de\/wp-content\/uploads\/2026\/01\/Beitrittserklaerung_FINAL_25-01-2026-1.pdf\">Beitrittserklaerung_FINAL_25-01-2026<\/a><a href=\"https:\/\/turmschiefbahn.de\/wp-content\/uploads\/2026\/01\/Beitrittserklaerung_FINAL_25-01-2026-1.pdf\" class=\"wp-block-file__button wp-element-button\" download aria-describedby=\"wp-block-file--media-1cda4f66-823c-4d3b-b12e-4d7d87f2168e\">Herunterladen<\/a><\/div>\n\n\n\n<p class=\"has-vivid-red-color has-text-color has-link-color wp-elements-750d5cabcbc06af36bb070e0bb73bab0\"><strong>Achtung: <\/strong>Nach dem Herunterladen der Beitrittserkl\u00e4rung diese bitte <strong>zuerst <\/strong>abspeichern, <strong>digital ausf\u00fcllen<\/strong> dann ausdrucken und unterschreiben. Mit handschriftlich ausgef\u00fcllten Formularen gab es in der Vergangenheit \u00f6fter Probleme mit der Lesbarkeit und in der Folge Probleme in der weiteren Verarbeitung, z.B. bei der Meldung an den Verband.<\/p>\n\n\n\n<div class=\"wp-block-file\"><a id=\"wp-block-file--media-74a99db7-0093-440c-a8b4-d80677c59f92\" href=\"https:\/\/turmschiefbahn.de\/wp-content\/uploads\/2025\/02\/250123-Satzung-final-Schachklub-Turm-Schiefbahn-1931.pdf\" target=\"_blank\" rel=\"noreferrer noopener\">250123 Satzung final Schachklub Turm Schiefbahn 1931<\/a><a href=\"https:\/\/turmschiefbahn.de\/wp-content\/uploads\/2025\/02\/250123-Satzung-final-Schachklub-Turm-Schiefbahn-1931.pdf\" class=\"wp-block-file__button wp-element-button\" download aria-describedby=\"wp-block-file--media-74a99db7-0093-440c-a8b4-d80677c59f92\">Herunterladen<\/a><\/div>\n\n\n\n<div class=\"wp-block-file\"><a id=\"wp-block-file--media-d53ed46e-f061-4d59-8c5b-8e4df727b38f\" href=\"https:\/\/turmschiefbahn.de\/wp-content\/uploads\/2025\/02\/250123-Beitragsordnung-des-Schachklubs-Turm-Schiefbahn-1931.pdf\" target=\"_blank\" rel=\"noreferrer noopener\">250123 Beitragsordnung des Schachklubs Turm Schiefbahn 1931<\/a><a href=\"https:\/\/turmschiefbahn.de\/wp-content\/uploads\/2025\/02\/250123-Beitragsordnung-des-Schachklubs-Turm-Schiefbahn-1931.pdf\" class=\"wp-block-file__button wp-element-button\" download aria-describedby=\"wp-block-file--media-d53ed46e-f061-4d59-8c5b-8e4df727b38f\">Herunterladen<\/a><\/div>\n","protected":false},"excerpt":{"rendered":"<p>Achtung: Nach dem Herunterladen der Beitrittserkl\u00e4rung diese bitte zuerst abspeichern, digital ausf\u00fcllen dann ausdrucken und unterschreiben. Mit handschriftlich ausgef\u00fcllten Formularen gab es in der Vergangenheit \u00f6fter Probleme mit der Lesbarkeit und in der Folge Probleme in der weiteren Verarbeitung, z.B. bei der Meldung an den Verband.<\/p>\n","protected":false},"author":7,"featured_media":0,"parent":0,"menu_order":0,"comment_status":"closed","ping_status":"closed","template":"","meta":{"footnotes":""},"class_list":["post-1158","page","type-page","status-publish","hentry","wpbf-post"],"_links":{"self":[{"href":"https:\/\/turmschiefbahn.de\/index.php?rest_route=\/wp\/v2\/pages\/1158","targetHints":{"allow":["GET"]}}],"collection":[{"href":"https:\/\/turmschiefbahn.de\/index.php?rest_route=\/wp\/v2\/pages"}],"about":[{"href":"https:\/\/turmschiefbahn.de\/index.php?rest_route=\/wp\/v2\/types\/page"}],"author":[{"embeddable":true,"href":"https:\/\/turmschiefbahn.de\/index.php?rest_route=\/wp\/v2\/users\/7"}],"replies":[{"embeddable":true,"href":"https:\/\/turmschiefbahn.de\/index.php?rest_route=%2Fwp%2Fv2%2Fcomments&post=1158"}],"version-history":[{"count":37,"href":"https:\/\/turmschiefbahn.de\/index.php?rest_route=\/wp\/v2\/pages\/1158\/revisions"}],"predecessor-version":[{"id":6326,"href":"https:\/\/turmschiefbahn.de\/index.php?rest_route=\/wp\/v2\/pages\/1158\/revisions\/6326"}],"wp:attachment":[{"href":"https:\/\/turmschiefbahn.de\/index.php?rest_route=%2Fwp%2Fv2%2Fmedia&parent=1158"}],"curies":[{"name":"wp","href":"https:\/\/api.w.org\/{rel}","templated":true}]}}