{"id":1876,"date":"2022-02-03T17:05:51","date_gmt":"2022-02-03T16:05:51","guid":{"rendered":"https:\/\/turmschiefbahn.de\/?page_id=1876"},"modified":"2024-01-10T07:15:26","modified_gmt":"2024-01-10T06:15:26","slug":"1-offenes-regionales-u8-kinderschachturnier-in-willich-nrw","status":"publish","type":"page","link":"https:\/\/turmschiefbahn.de\/?page_id=1876","title":{"rendered":"1. RKST U8 in Willich(NRW)"},"content":{"rendered":"\n<figure class=\"wp-block-image size-large is-resized\"><a href=\"https:\/\/turmschiefbahn.de\/wp-content\/uploads\/2022\/02\/chess-g55f0a323d_1280.png\"><img loading=\"lazy\" decoding=\"async\" width=\"1024\" height=\"512\" src=\"https:\/\/turmschiefbahn.de\/wp-content\/uploads\/2022\/02\/chess-g55f0a323d_1280-1024x512.png\" alt=\"\" class=\"wp-image-1900\" style=\"width:233px;height:117px\" srcset=\"https:\/\/turmschiefbahn.de\/wp-content\/uploads\/2022\/02\/chess-g55f0a323d_1280-1024x512.png 1024w, https:\/\/turmschiefbahn.de\/wp-content\/uploads\/2022\/02\/chess-g55f0a323d_1280-640x320.png 640w, https:\/\/turmschiefbahn.de\/wp-content\/uploads\/2022\/02\/chess-g55f0a323d_1280-768x384.png 768w, https:\/\/turmschiefbahn.de\/wp-content\/uploads\/2022\/02\/chess-g55f0a323d_1280-700x350.png 700w, https:\/\/turmschiefbahn.de\/wp-content\/uploads\/2022\/02\/chess-g55f0a323d_1280.png 1280w\" sizes=\"auto, (max-width: 1024px) 100vw, 1024px\" \/><\/a><\/figure>\n\n\n\n<p class=\"has-text-align-left\">Auf dieser Seite finden sich alle Informationen rund um das &#8222;1. Offenes regionales U8 Kinderschachturnier in Willich (NRW)&#8220; vom <strong>01.04.2022 \u2013 03.04.2022<\/strong>.<\/p>\n\n\n\n<p style=\"font-size:px\">Das Turnier wird veranstaltet in Zusammenarbeit mit der U8-Beauftragten der <a rel=\"noreferrer noopener\" href=\"https:\/\/www.sjnrw.de\/\" data-type=\"URL\" data-id=\"https:\/\/www.sjnrw.de\/\" target=\"_blank\">Schachjugend NRW<\/a> Verena Wunderlich. <\/p>\n\n\n\n<p>&#8212;&#8212;-\u2010&#8212;&#8212;&#8212;&#8212;&#8212;&#8212;&#8212;&#8212;&#8212;&#8212;&#8212;&#8212;&#8212;&#8212;&#8212;&#8212;&#8212;&#8212;&#8212;&#8212;&#8212;&#8212;-<\/p>\n\n\n\n<p><strong>Ben Sauer<\/strong> gewinnt das 1.RKST Turnier mit 5 aus 5! Herzlichen Gl\u00fcckwunsch!<\/p>\n\n\n\n<figure class=\"wp-block-gallery has-nested-images columns-default is-cropped wp-block-gallery-1 is-layout-flex wp-block-gallery-is-layout-flex\">\n<figure class=\"wp-block-image aligncenter size-full\"><a href=\"https:\/\/turmschiefbahn.de\/wp-content\/uploads\/2022\/04\/20220403_155053-scaled.jpg\"><img loading=\"lazy\" decoding=\"async\" width=\"1920\" height=\"2560\" data-id=\"2221\" src=\"https:\/\/turmschiefbahn.de\/wp-content\/uploads\/2022\/04\/20220403_155053-scaled.jpg\" alt=\"\" class=\"wp-image-2221\" srcset=\"https:\/\/turmschiefbahn.de\/wp-content\/uploads\/2022\/04\/20220403_155053-scaled.jpg 1920w, https:\/\/turmschiefbahn.de\/wp-content\/uploads\/2022\/04\/20220403_155053-480x640.jpg 480w, https:\/\/turmschiefbahn.de\/wp-content\/uploads\/2022\/04\/20220403_155053-768x1024.jpg 768w, https:\/\/turmschiefbahn.de\/wp-content\/uploads\/2022\/04\/20220403_155053-1152x1536.jpg 1152w, https:\/\/turmschiefbahn.de\/wp-content\/uploads\/2022\/04\/20220403_155053-1536x2048.jpg 1536w, https:\/\/turmschiefbahn.de\/wp-content\/uploads\/2022\/04\/20220403_155053-700x933.jpg 700w\" sizes=\"auto, (max-width: 1920px) 100vw, 1920px\" \/><\/a><\/figure>\n<\/figure>\n\n\n\n<p><strong>Nicole K\u00fchn<\/strong> von SK Turm Schiefbahn 1931 wurde das Beste M\u00e4dchen mit 3 aus 5!<\/p>\n\n\n\n<figure class=\"wp-block-gallery has-nested-images columns-default is-cropped wp-block-gallery-2 is-layout-flex wp-block-gallery-is-layout-flex\">\n<figure class=\"wp-block-image size-large\"><a href=\"https:\/\/turmschiefbahn.de\/wp-content\/uploads\/2022\/04\/20220403_155019-scaled.jpg\"><img loading=\"lazy\" decoding=\"async\" width=\"915\" height=\"1024\" data-id=\"2222\" src=\"https:\/\/turmschiefbahn.de\/wp-content\/uploads\/2022\/04\/20220403_155019-915x1024.jpg\" alt=\"\" class=\"wp-image-2222\" srcset=\"https:\/\/turmschiefbahn.de\/wp-content\/uploads\/2022\/04\/20220403_155019-915x1024.jpg 915w, https:\/\/turmschiefbahn.de\/wp-content\/uploads\/2022\/04\/20220403_155019-572x640.jpg 572w, https:\/\/turmschiefbahn.de\/wp-content\/uploads\/2022\/04\/20220403_155019-768x860.jpg 768w, https:\/\/turmschiefbahn.de\/wp-content\/uploads\/2022\/04\/20220403_155019-1372x1536.jpg 1372w, https:\/\/turmschiefbahn.de\/wp-content\/uploads\/2022\/04\/20220403_155019-1829x2048.jpg 1829w, https:\/\/turmschiefbahn.de\/wp-content\/uploads\/2022\/04\/20220403_155019-700x784.jpg 700w\" sizes=\"auto, (max-width: 915px) 100vw, 915px\" \/><\/a><figcaption class=\"wp-element-caption\">1-3.Platz M\u00e4dchen <\/figcaption><\/figure>\n<\/figure>\n\n\n\n<ol class=\"wp-block-list\">\n<li><a rel=\"noreferrer noopener\" href=\"https:\/\/turmschiefbahn.de\/wp-content\/uploads\/2022\/02\/U8-Ausschreibung-2022.pdf\" data-type=\"URL\" data-id=\"https:\/\/turmschiefbahn.de\/wp-content\/uploads\/2022\/02\/U8-Ausschreibung-2022.pdf\" target=\"_blank\">Ausschreibung<\/a><\/li>\n\n\n\n<li><a href=\"https:\/\/chess-results.com\/tnr609089.aspx?lan=0\">Teilnehmerliste und Ergebnisse<\/a> <\/li>\n\n\n\n<li><a href=\"https:\/\/daten2.verwaltungsportal.de\/dateien\/seitengenerator\/38e0df4aa5b6d6b6f66bc642f05e55c2176533\/hygienekonzept_21.03.2022.pdf\">Hygienekonzept<\/a> aktualisiert am 28.03.2022  3G anstatt 2G+<\/li>\n<\/ol>\n\n\n\n<div data-wp-interactive=\"core\/file\" class=\"wp-block-file\"><object data-wp-bind--hidden=\"!state.hasPdfPreview\" hidden class=\"wp-block-file__embed\" data=\"https:\/\/turmschiefbahn.de\/wp-content\/uploads\/2022\/04\/C213-624-U8K.pdf\" type=\"application\/pdf\" style=\"width:100{5b836bde92e44615c3ffdf92f29510bdfb2d67f44ecc10328b1a8c7814511738};height:600px\" aria-label=\"Einbettung von DWZ Auswertung.\"><\/object><a id=\"wp-block-file--media-57280722-bbb4-4a4a-9a5f-a0717eaa7081\" href=\"https:\/\/turmschiefbahn.de\/wp-content\/uploads\/2022\/04\/C213-624-U8K.pdf\">DWZ Auswertung<\/a><a href=\"https:\/\/turmschiefbahn.de\/wp-content\/uploads\/2022\/04\/C213-624-U8K.pdf\" class=\"wp-block-file__button wp-element-button\" download aria-describedby=\"wp-block-file--media-57280722-bbb4-4a4a-9a5f-a0717eaa7081\">Herunterladen<\/a><\/div>\n\n\n\n<p class=\"has-vivid-red-background-color has-background\"> <strong>Wir haben eine maximale Teilnehmerzahl  von 28 erreicht!<\/strong> <\/p>\n\n\n\n<ul class=\"wp-block-list\">\n<li>Qualifikationsturnier zur Deutschen Einzelmeisterschaften U8<\/li>\n\n\n\n<li>Rahmenprogramm f\u00fcr Kinder und Eltern<\/li>\n\n\n\n<li>Pokale f\u00fcr Rang 1- 3 f\u00fcr M\u00e4dchen und Jungs, sowie Teilnehmerpokale<\/li>\n<\/ul>\n\n\n\n<figure class=\"wp-block-gallery has-nested-images columns-default is-cropped wp-block-gallery-3 is-layout-flex wp-block-gallery-is-layout-flex\"><\/figure>\n\n\n\n<p>Fotos vom Turnier:<\/p>\n\n\n\n<figure class=\"wp-block-gallery has-nested-images columns-default is-cropped wp-block-gallery-4 is-layout-flex wp-block-gallery-is-layout-flex\">\n<figure class=\"wp-block-image size-large\"><a href=\"https:\/\/turmschiefbahn.de\/wp-content\/uploads\/2022\/04\/20220402_095208-scaled.jpg\"><img loading=\"lazy\" decoding=\"async\" width=\"768\" height=\"1024\" data-id=\"2180\" src=\"https:\/\/turmschiefbahn.de\/wp-content\/uploads\/2022\/04\/20220402_095208-768x1024.jpg\" alt=\"\" class=\"wp-image-2180\" srcset=\"https:\/\/turmschiefbahn.de\/wp-content\/uploads\/2022\/04\/20220402_095208-768x1024.jpg 768w, https:\/\/turmschiefbahn.de\/wp-content\/uploads\/2022\/04\/20220402_095208-480x640.jpg 480w, https:\/\/turmschiefbahn.de\/wp-content\/uploads\/2022\/04\/20220402_095208-1152x1536.jpg 1152w, https:\/\/turmschiefbahn.de\/wp-content\/uploads\/2022\/04\/20220402_095208-1536x2048.jpg 1536w, https:\/\/turmschiefbahn.de\/wp-content\/uploads\/2022\/04\/20220402_095208-700x933.jpg 700w, https:\/\/turmschiefbahn.de\/wp-content\/uploads\/2022\/04\/20220402_095208-scaled.jpg 1920w\" sizes=\"auto, (max-width: 768px) 100vw, 768px\" \/><\/a><\/figure>\n<\/figure>\n\n\n\n<figure class=\"wp-block-gallery has-nested-images columns-default is-cropped wp-block-gallery-5 is-layout-flex wp-block-gallery-is-layout-flex\">\n<figure class=\"wp-block-image size-large\"><a href=\"https:\/\/turmschiefbahn.de\/wp-content\/uploads\/2022\/04\/20220402_160002-scaled.jpg\"><img loading=\"lazy\" decoding=\"async\" width=\"768\" height=\"1024\" data-id=\"2176\" src=\"https:\/\/turmschiefbahn.de\/wp-content\/uploads\/2022\/04\/20220402_160002-768x1024.jpg\" alt=\"\" class=\"wp-image-2176\" srcset=\"https:\/\/turmschiefbahn.de\/wp-content\/uploads\/2022\/04\/20220402_160002-768x1024.jpg 768w, https:\/\/turmschiefbahn.de\/wp-content\/uploads\/2022\/04\/20220402_160002-480x640.jpg 480w, https:\/\/turmschiefbahn.de\/wp-content\/uploads\/2022\/04\/20220402_160002-1152x1536.jpg 1152w, https:\/\/turmschiefbahn.de\/wp-content\/uploads\/2022\/04\/20220402_160002-1536x2048.jpg 1536w, https:\/\/turmschiefbahn.de\/wp-content\/uploads\/2022\/04\/20220402_160002-700x933.jpg 700w, https:\/\/turmschiefbahn.de\/wp-content\/uploads\/2022\/04\/20220402_160002-scaled.jpg 1920w\" sizes=\"auto, (max-width: 768px) 100vw, 768px\" \/><\/a><\/figure>\n\n\n\n<figure class=\"wp-block-image size-large\"><a href=\"https:\/\/turmschiefbahn.de\/wp-content\/uploads\/2022\/04\/20220402_155950-scaled.jpg\"><img loading=\"lazy\" decoding=\"async\" width=\"768\" height=\"1024\" data-id=\"2177\" src=\"https:\/\/turmschiefbahn.de\/wp-content\/uploads\/2022\/04\/20220402_155950-768x1024.jpg\" alt=\"\" class=\"wp-image-2177\" srcset=\"https:\/\/turmschiefbahn.de\/wp-content\/uploads\/2022\/04\/20220402_155950-768x1024.jpg 768w, https:\/\/turmschiefbahn.de\/wp-content\/uploads\/2022\/04\/20220402_155950-480x640.jpg 480w, https:\/\/turmschiefbahn.de\/wp-content\/uploads\/2022\/04\/20220402_155950-1152x1536.jpg 1152w, https:\/\/turmschiefbahn.de\/wp-content\/uploads\/2022\/04\/20220402_155950-1536x2048.jpg 1536w, https:\/\/turmschiefbahn.de\/wp-content\/uploads\/2022\/04\/20220402_155950-700x933.jpg 700w, https:\/\/turmschiefbahn.de\/wp-content\/uploads\/2022\/04\/20220402_155950-scaled.jpg 1920w\" sizes=\"auto, (max-width: 768px) 100vw, 768px\" \/><\/a><\/figure>\n\n\n\n<figure class=\"wp-block-image size-large\"><a href=\"https:\/\/turmschiefbahn.de\/wp-content\/uploads\/2022\/04\/20220402_155813-scaled.jpg\"><img loading=\"lazy\" decoding=\"async\" width=\"768\" height=\"1024\" data-id=\"2178\" src=\"https:\/\/turmschiefbahn.de\/wp-content\/uploads\/2022\/04\/20220402_155813-768x1024.jpg\" alt=\"\" class=\"wp-image-2178\" srcset=\"https:\/\/turmschiefbahn.de\/wp-content\/uploads\/2022\/04\/20220402_155813-768x1024.jpg 768w, https:\/\/turmschiefbahn.de\/wp-content\/uploads\/2022\/04\/20220402_155813-480x640.jpg 480w, https:\/\/turmschiefbahn.de\/wp-content\/uploads\/2022\/04\/20220402_155813-1152x1536.jpg 1152w, https:\/\/turmschiefbahn.de\/wp-content\/uploads\/2022\/04\/20220402_155813-1536x2048.jpg 1536w, https:\/\/turmschiefbahn.de\/wp-content\/uploads\/2022\/04\/20220402_155813-700x933.jpg 700w, https:\/\/turmschiefbahn.de\/wp-content\/uploads\/2022\/04\/20220402_155813-scaled.jpg 1920w\" sizes=\"auto, (max-width: 768px) 100vw, 768px\" \/><\/a><\/figure>\n<\/figure>\n\n\n\n<figure class=\"wp-block-image size-large\"><a href=\"https:\/\/turmschiefbahn.de\/wp-content\/uploads\/2022\/04\/20220403_121735-scaled.jpg\"><img loading=\"lazy\" decoding=\"async\" width=\"768\" height=\"1024\" src=\"https:\/\/turmschiefbahn.de\/wp-content\/uploads\/2022\/04\/20220403_121735-768x1024.jpg\" alt=\"\" class=\"wp-image-2206\" srcset=\"https:\/\/turmschiefbahn.de\/wp-content\/uploads\/2022\/04\/20220403_121735-768x1024.jpg 768w, https:\/\/turmschiefbahn.de\/wp-content\/uploads\/2022\/04\/20220403_121735-480x640.jpg 480w, https:\/\/turmschiefbahn.de\/wp-content\/uploads\/2022\/04\/20220403_121735-1152x1536.jpg 1152w, https:\/\/turmschiefbahn.de\/wp-content\/uploads\/2022\/04\/20220403_121735-1536x2048.jpg 1536w, https:\/\/turmschiefbahn.de\/wp-content\/uploads\/2022\/04\/20220403_121735-700x933.jpg 700w, https:\/\/turmschiefbahn.de\/wp-content\/uploads\/2022\/04\/20220403_121735-scaled.jpg 1920w\" sizes=\"auto, (max-width: 768px) 100vw, 768px\" \/><\/a><\/figure>\n\n\n\n<figure class=\"wp-block-image size-large is-resized\"><a href=\"https:\/\/turmschiefbahn.de\/wp-content\/uploads\/2022\/04\/20220403_133036-scaled.jpg\"><img loading=\"lazy\" decoding=\"async\" width=\"768\" height=\"1024\" src=\"https:\/\/turmschiefbahn.de\/wp-content\/uploads\/2022\/04\/20220403_133036-768x1024.jpg\" alt=\"\" class=\"wp-image-2207\" style=\"width:396px;height:528px\" srcset=\"https:\/\/turmschiefbahn.de\/wp-content\/uploads\/2022\/04\/20220403_133036-768x1024.jpg 768w, https:\/\/turmschiefbahn.de\/wp-content\/uploads\/2022\/04\/20220403_133036-480x640.jpg 480w, https:\/\/turmschiefbahn.de\/wp-content\/uploads\/2022\/04\/20220403_133036-1152x1536.jpg 1152w, https:\/\/turmschiefbahn.de\/wp-content\/uploads\/2022\/04\/20220403_133036-1536x2048.jpg 1536w, https:\/\/turmschiefbahn.de\/wp-content\/uploads\/2022\/04\/20220403_133036-700x933.jpg 700w, https:\/\/turmschiefbahn.de\/wp-content\/uploads\/2022\/04\/20220403_133036-scaled.jpg 1920w\" sizes=\"auto, (max-width: 768px) 100vw, 768px\" \/><\/a><figcaption class=\"wp-element-caption\">Schatzsuche: Schatz wurde gefunden!<\/figcaption><\/figure>\n\n\n\n<figure class=\"wp-block-image size-large\"><a href=\"https:\/\/turmschiefbahn.de\/wp-content\/uploads\/2022\/04\/20220403_121740-scaled.jpg\"><img loading=\"lazy\" decoding=\"async\" width=\"768\" height=\"1024\" src=\"https:\/\/turmschiefbahn.de\/wp-content\/uploads\/2022\/04\/20220403_121740-768x1024.jpg\" alt=\"\" class=\"wp-image-2209\" srcset=\"https:\/\/turmschiefbahn.de\/wp-content\/uploads\/2022\/04\/20220403_121740-768x1024.jpg 768w, https:\/\/turmschiefbahn.de\/wp-content\/uploads\/2022\/04\/20220403_121740-480x640.jpg 480w, https:\/\/turmschiefbahn.de\/wp-content\/uploads\/2022\/04\/20220403_121740-1152x1536.jpg 1152w, https:\/\/turmschiefbahn.de\/wp-content\/uploads\/2022\/04\/20220403_121740-1536x2048.jpg 1536w, https:\/\/turmschiefbahn.de\/wp-content\/uploads\/2022\/04\/20220403_121740-700x933.jpg 700w, https:\/\/turmschiefbahn.de\/wp-content\/uploads\/2022\/04\/20220403_121740-scaled.jpg 1920w\" sizes=\"auto, (max-width: 768px) 100vw, 768px\" \/><\/a><\/figure>\n\n\n\n<figure class=\"wp-block-image size-large\"><a href=\"https:\/\/turmschiefbahn.de\/wp-content\/uploads\/2022\/04\/20220403_140057-scaled.jpg\"><img loading=\"lazy\" decoding=\"async\" width=\"768\" height=\"1024\" src=\"https:\/\/turmschiefbahn.de\/wp-content\/uploads\/2022\/04\/20220403_140057-768x1024.jpg\" alt=\"\" class=\"wp-image-2210\" srcset=\"https:\/\/turmschiefbahn.de\/wp-content\/uploads\/2022\/04\/20220403_140057-768x1024.jpg 768w, https:\/\/turmschiefbahn.de\/wp-content\/uploads\/2022\/04\/20220403_140057-480x640.jpg 480w, https:\/\/turmschiefbahn.de\/wp-content\/uploads\/2022\/04\/20220403_140057-1152x1536.jpg 1152w, https:\/\/turmschiefbahn.de\/wp-content\/uploads\/2022\/04\/20220403_140057-1536x2048.jpg 1536w, https:\/\/turmschiefbahn.de\/wp-content\/uploads\/2022\/04\/20220403_140057-700x933.jpg 700w, https:\/\/turmschiefbahn.de\/wp-content\/uploads\/2022\/04\/20220403_140057-scaled.jpg 1920w\" sizes=\"auto, (max-width: 768px) 100vw, 768px\" \/><\/a><figcaption class=\"wp-element-caption\">Leiser Fuchs;)<\/figcaption><\/figure>\n\n\n\n<figure class=\"wp-block-image size-large\"><a href=\"https:\/\/turmschiefbahn.de\/wp-content\/uploads\/2022\/04\/20220403_153345-scaled.jpg\"><img loading=\"lazy\" decoding=\"async\" width=\"768\" height=\"1024\" src=\"https:\/\/turmschiefbahn.de\/wp-content\/uploads\/2022\/04\/20220403_153345-768x1024.jpg\" alt=\"\" class=\"wp-image-2211\" srcset=\"https:\/\/turmschiefbahn.de\/wp-content\/uploads\/2022\/04\/20220403_153345-768x1024.jpg 768w, https:\/\/turmschiefbahn.de\/wp-content\/uploads\/2022\/04\/20220403_153345-480x640.jpg 480w, https:\/\/turmschiefbahn.de\/wp-content\/uploads\/2022\/04\/20220403_153345-1152x1536.jpg 1152w, https:\/\/turmschiefbahn.de\/wp-content\/uploads\/2022\/04\/20220403_153345-1536x2048.jpg 1536w, https:\/\/turmschiefbahn.de\/wp-content\/uploads\/2022\/04\/20220403_153345-700x933.jpg 700w, https:\/\/turmschiefbahn.de\/wp-content\/uploads\/2022\/04\/20220403_153345-scaled.jpg 1920w\" sizes=\"auto, (max-width: 768px) 100vw, 768px\" \/><\/a><figcaption class=\"wp-element-caption\">Toben vor der Siegerehrung mit Verena!<\/figcaption><\/figure>\n","protected":false},"excerpt":{"rendered":"<p>Auf dieser Seite finden sich alle Informationen rund um das &#8222;1. Offenes regionales U8 Kinderschachturnier in Willich (NRW)&#8220; vom 01.04.2022 \u2013 03.04.2022. Das Turnier wird veranstaltet in Zusammenarbeit mit der U8-Beauftragten der Schachjugend NRW Verena Wunderlich. &#8212;&#8212;-\u2010&#8212;&#8212;&#8212;&#8212;&#8212;&#8212;&#8212;&#8212;&#8212;&#8212;&#8212;&#8212;&#8212;&#8212;&#8212;&#8212;&#8212;&#8212;&#8212;&#8212;&#8212;&#8212;- Ben Sauer gewinnt das 1.RKST Turnier mit 5 aus 5! Herzlichen Gl\u00fcckwunsch! Nicole K\u00fchn von SK Turm Schiefbahn [&hellip;]<\/p>\n","protected":false},"author":7,"featured_media":0,"parent":0,"menu_order":0,"comment_status":"closed","ping_status":"closed","template":"","meta":{"footnotes":""},"class_list":["post-1876","page","type-page","status-publish","hentry","wpbf-post"],"_links":{"self":[{"href":"https:\/\/turmschiefbahn.de\/index.php?rest_route=\/wp\/v2\/pages\/1876","targetHints":{"allow":["GET"]}}],"collection":[{"href":"https:\/\/turmschiefbahn.de\/index.php?rest_route=\/wp\/v2\/pages"}],"about":[{"href":"https:\/\/turmschiefbahn.de\/index.php?rest_route=\/wp\/v2\/types\/page"}],"author":[{"embeddable":true,"href":"https:\/\/turmschiefbahn.de\/index.php?rest_route=\/wp\/v2\/users\/7"}],"replies":[{"embeddable":true,"href":"https:\/\/turmschiefbahn.de\/index.php?rest_route=%2Fwp%2Fv2%2Fcomments&post=1876"}],"version-history":[{"count":55,"href":"https:\/\/turmschiefbahn.de\/index.php?rest_route=\/wp\/v2\/pages\/1876\/revisions"}],"predecessor-version":[{"id":4429,"href":"https:\/\/turmschiefbahn.de\/index.php?rest_route=\/wp\/v2\/pages\/1876\/revisions\/4429"}],"wp:attachment":[{"href":"https:\/\/turmschiefbahn.de\/index.php?rest_route=%2Fwp%2Fv2%2Fmedia&parent=1876"}],"curies":[{"name":"wp","href":"https:\/\/api.w.org\/{rel}","templated":true}]}}