{"id":5098,"date":"2025-01-25T16:52:15","date_gmt":"2025-01-25T15:52:15","guid":{"rendered":"https:\/\/turmschiefbahn.de\/?page_id=5098"},"modified":"2025-05-24T12:18:19","modified_gmt":"2025-05-24T10:18:19","slug":"4-willicher-wochenendturnier","status":"publish","type":"page","link":"https:\/\/turmschiefbahn.de\/?page_id=5098","title":{"rendered":"4. Willicher Wochenendturnier"},"content":{"rendered":"\n<p>Vom <strong>10.05.2025 &#8211; 11.05.2025 <\/strong>fand unser 4. Willicher Wochenendturnier statt.<\/p>\n\n\n\n<p>Hier findet ihr unsere Ausschreibung: <a href=\"https:\/\/turmschiefbahn.de\/wp-content\/uploads\/2025\/02\/Willicher-Wochenendturnier-2025.pdf\" data-type=\"attachment\" data-id=\"5396\" target=\"_blank\" rel=\"noreferrer noopener\">Willicher-Wochenendturnier-2025-Ausschreibung<\/a><\/p>\n\n\n\n<p><\/p>\n\n\n\n<p><a href=\"https:\/\/chess-results.com\/tnr1111157.aspx?lan=0&amp;turdet=YES\" data-type=\"link\" data-id=\"https:\/\/chess-results.com\/tnr1111157.aspx?lan=0&amp;turdet=YES\">Teilnehmerliste, Paarungen, <\/a><strong><a href=\"https:\/\/chess-results.com\/tnr1111157.aspx?lan=0&amp;turdet=YES\" data-type=\"link\" data-id=\"https:\/\/chess-results.com\/tnr1111157.aspx?lan=0&amp;turdet=YES\">Ergebnisse<\/a> <\/strong><\/p>\n\n\n\n<p>101 Teilnehmer trafen sich letztes Wochenende um gemeinsam Schach zu spielen. <br \/>Besonders erfreulich war, dass auch diesmal wieder Titeltr\u00e4ger und Spieler aus dem Ausland teilnahmen.<br \/>Aus den eigenen Reihen kamen 9 Spieler zusammen. Terminlich kollidierte unser Wochenendturnier mit den Jugend NRW Mannschaftsmeisterschaften am Samstag und dem Muttertag am Sonntag. Dennoch wurde das gesetzte Ziel von 100 Teilnehmern erreicht.<\/p>\n\n\n\n<p>Am Freitag trafen sich einige Jugendliche und Herren zum Aufbau in der Kulturhalle. Obwohl es in diesem Jahr weniger Helfer als im letzten Jahr gab, ging es schneller als im Vorjahr. Mittlerweile wei\u00df jeder was zu tun ist und alle packen direkt mit an. Nach ca. einer Stunde waren wir auch schon fertig. Durch unsere Aufsteller, Tischnummern und Kugelschreiber sah das ganze schon sehr professionell aus.<\/p>\n\n\n\n<p>Am Turniertag ging es mit leichter Versp\u00e4tung von ca. 10 Minuten auch schon los. 90 Minuten Bedenkzeit ohne Inkrement. Auf der Ergebnisliste musste man lange schauen bis die erste \u00dcberraschung zu finden war. An Brett 20 konnte U12 Spieler Jona Kats seinem Gegner aus \u00d6sterreich einen halben Punkt abnehmen ( ca. 800 Punkte DWZ Unterschied).<\/p>\n\n\n\n<p>Auch in der 2. Runde setzen sich an den Spitzenbrettern \u00fcberwiegend die Favoriten durch. Lediglich der an 3 gesetzte Edwin Fischer lies einen halben Punkt liegen. Im Mittelfeld lag eine kleine Sensation in der Luft, so dachte man lange, dass unser Spieler Yannick Loge gegen IM Viktor Gudok ein Remis rausholen konnte. Am Ende setzte sich die Erfahrung aber doch durch und Gudok gewann.<br \/>Weiterhin gab es noch ein paar interne Duelle. Z\u00fcbeyr Colak spielte gegen seinen Trainer Fabian Kautny. Fabian sicherte sich souver\u00e4n den Punkt. Ein weiteres internes Duell gab es zwischen den eben schon erw\u00e4hnten Jona Kats, der gegen seinen Vater Roman Kats ran musste. Das Vater &#8211; Sohn Duell endete Remis. Ein zufriedenstellendes Ergebnis f\u00fcr beide. <\/p>\n\n\n\n<p>Zwischen den Runden konnten sich die Teilnehmer etwas zu trinken und zu essen an unserem Ausschank holen. Es gab eine gro\u00dfe Auswahl an Kuchen, Muffins, Snacks, belegte Br\u00f6tchen, warme Suppe u.v.m. <br \/>Das Ganze haben wir unter unseren Helfern zu verdanken. Das f\u00e4ngt bei den Eltern an die gebacken haben und geht weiter bei denjenigen die hinter dem Tresen standen. Vielen Dank an jeden einzelnen! <br \/>Besonderer Dank gilt jedoch noch Ulrike die, neben den Verkauf, die komplette Vorbereitung allein erledigt hat.<\/p>\n\n\n\n<p>Zur\u00fcck zum Spielgeschehen und der 3. Runde, die ebenfalls noch am Samstagabend stattfand. Auch hier haben sich \u00fcberwiegend die Favoriten durchgesetzt. An Brett 4 konnte Noah Plotz gegen Felix Restorff ebenfalls einen halben Punkt gewinnen. Emil Meye konnte an Brett 22 gegen Deniz Yilmaz (450 DWZ Punkte Unterschied) gewinnen. Und auch f\u00fcr die Schiefbahner Alan Grzemba und Jakob Haar gab endlich den ersehnten 1. Punkt. Im Laufe des Turniers sollten noch weitere folgen, sodass f\u00fcr die beiden am Ende ein vers\u00f6hnliches Ergebnis dastand. <br \/>Am Ende von Tag 1 konnten insgesamt 9 Spieler alle ihre Spiele gewinnen und gingen mit 3 Punkten nach Hause. Lediglich 2 der 9 Spieler hatten dabei eine DWZ von unter 2000. Umberto Cerasi und Fabian Kaunty geh\u00f6rten daher eher zu den Au\u00dfenseitern um den Titelgewinn.<\/p>\n\n\n\n<p>Tag 2 begann f\u00fcr die meisten erstmal mit einem Caf\u00e9 und einem belegten Br\u00f6tchen bei Ulrike. Nachdem sich die meisten Teilnehmer gest\u00e4rkt hatten, ging es ans Schachbrett. Obwohl am Vortag noch extra drum gebeten wurde bitte abzusagen, falls jemand nicht kommt, gab es ein paar kampflose Siege. Gerade bei nur 5 Runden ist es extrem Schade f\u00fcr die betroffenen. So bekam auch Bao Anh Le Bui vom SV Mattnetz Berlin e.V. einen kampflosen Punkt, da Gegner Viktor Gudok den Bus verpasste. An den Spitzenbrettern 1 und 2 konnten sich die FM Titeltr\u00e4ger Bayastan Sydykov und Jeremy Hommer durchsetzen. Und dann war da noch einer&#8230; <br \/>&#8230;Besonders erfreulich f\u00fcr Turm Schiefbahn konnte sich Fabian Kautny \u00fcberraschend gegen Michael Preuschoff durchsetzen. Somit hatten nach Runde 4 auch 4 Spieler 4 Punkte. Das lies auf eine Spannende letzte Runde hoffen.<\/p>\n\n\n\n<p>F\u00fcr das Schiedsamt rund um Dieter Lier und Nils Segermann gab es nicht viel zu tun, da nahezu alle Partien fair verlaufen sind und die Stimmung insgesamt entspannt war. Hier und da mal ein regelwidriger Zug, der vom Gegner sofort akzeptiert und best\u00e4tigt wurde. <br \/>Dann noch 1,2 Anmerkungen zu Smartwatches, die am besten wie Handys auszuschalten und nicht am K\u00f6rper zu tragen sind. <br \/>Die Schiedsrichter \u00fcberzeugten sich davon, dass nicht gecheatet wurde und lie\u00dfen in ihrem Ermessensspielraum Gnade vor Recht ergehen.<\/p>\n\n\n\n<p>Auf in die letzte Runde, die entscheidende f\u00fcr die Haupt- und Ratingpreise. An Brett 2 konnte Fabian die ganz gro\u00dfe \u00dcberraschung nicht gelingen. Nachdem Jeremy Hommer dabei war einen Bauern zu gewinnen, kam bei dem Versuch diesen zur\u00fcck zu gewinnen, direkt eine ganze Qualit\u00e4t hinterher. Zu viel. Am Ende belegte Fabian einen hervorragenden Platz 11. Das zeigt wie eng das Teilnehmerfeld war. FM Jeremy Hommer vom Hamburger SK setzte gleichzeitig die beiden Spieler an Brett 1 unter Druck.<\/p>\n\n\n\n<p><br \/>W\u00e4hrend alle Spieler mittlerweile ihre Partien beendet haben, ging es an Brett 1 weiter hin und her. Spannender h\u00e4tte es nicht sein k\u00f6nnen. Es war klar, dass der Gewinner der Partie sich aufgrund der besseren Buchholz Wertung auch den Turniersieg holen w\u00fcrde. Sowohl FM Bayatan Sydykov, als auch Bao Anh Le Bui hatten zu dem Zeitpunkt sowohl die selbe Punktzahl, als auch die selbe Buchholz und auch noch die gleiche Sonneborn Berger Wertung. Das w\u00fcrde bedeuten, dass wir bei einem Remis einen geteilten 2. Platz h\u00e4tten. Sollte am Ende doch noch Jeremy Hommer als lachender 3. dastehen? Die Sekunden vergingen. Beide Spieler kamen in die Zeitnotphase. Bei nur noch 45 Sekunden auf der Uhr bot Bui Remis an, welches Sydykov ablehnte und stattdessen einen Angriff am K\u00f6nigsfl\u00fcgel startete. Bui konnte noch den anderen Freibauern auf der C Linie stoppen. Nach einigen Abtauschman\u00f6vern jedoch nicht mehr den Freibauern am K\u00f6nigsfl\u00fcgel aufhalten. In Folge dessen, gab er dann auch fair auf. Ein kr\u00e4ftezehrendes Match mit dem gl\u00fccklicheren Ende F\u00fcr Sydykov.<\/p>\n\n\n\n<p>F\u00fcr die Platzierungen bedeutete es folgendes: <\/p>\n\n\n\n<figure class=\"wp-block-table\"><table class=\"has-fixed-layout\"><tbody><tr><td><strong>Rang<\/strong><\/td><td><strong>Startrang<\/strong><\/td><td><strong>Titel<\/strong><\/td><td><strong>Name<\/strong><\/td><td><strong>Land<\/strong><\/td><td><strong>DWZ<\/strong><\/td><td>Verein<\/td><td><strong>Punkte<\/strong><\/td><td><strong>Buchholz<\/strong><\/td><td><strong>SoBe<\/strong><\/td><\/tr><tr><td>1<\/td><td>1<\/td><td>FM<\/td><td><a href=\"https:\/\/chess-results.com\/tnr1111157.aspx?lan=0&amp;art=9&amp;fed=KGZ&amp;turdet=YES&amp;snr=1\">Sydykov, Bayastan<\/a><\/td><td>KGZ<\/td><td>2275<\/td><td>SK 1858 Gie\u00dfen<\/td><td>5<\/td><td>17,5<\/td><td>17,50<\/td><\/tr><tr><td>2<\/td><td>2<\/td><td>FM<\/td><td><a href=\"https:\/\/chess-results.com\/tnr1111157.aspx?lan=0&amp;art=9&amp;fed=GER&amp;turdet=YES&amp;snr=2\">Hommer, Jeremy<\/a><\/td><td>GER<\/td><td>2224<\/td><td>Hamburger SK von 1830 eV<\/td><td>5<\/td><td>16,5<\/td><td>16,50<\/td><\/tr><tr><td>3<\/td><td>3<\/td><td><\/td><td><a href=\"https:\/\/chess-results.com\/tnr1111157.aspx?lan=0&amp;art=9&amp;fed=GER&amp;turdet=YES&amp;snr=3\">Fischer, Edwin<\/a><\/td><td>GER<\/td><td>2222<\/td><td>SV Eiche Reichenbrand<\/td><td>4,5<\/td><td>15<\/td><td>13,50<\/td><\/tr><tr><td>4<\/td><td>4<\/td><td><\/td><td><a href=\"https:\/\/chess-results.com\/tnr1111157.aspx?lan=0&amp;art=9&amp;fed=GER&amp;turdet=YES&amp;snr=4\">Bui, Bao Anh Le<\/a><\/td><td>GER<\/td><td>2194<\/td><td>SV Mattnetz Berlin e.V.<\/td><td>4<\/td><td>18,5<\/td><td>13,50<\/td><\/tr><tr><td>5<\/td><td>14<\/td><td><\/td><td><a href=\"https:\/\/chess-results.com\/tnr1111157.aspx?lan=0&amp;art=9&amp;fed=GER&amp;turdet=YES&amp;snr=14\">Faerber, Anatoli<\/a><\/td><td>GER<\/td><td>1873<\/td><td><\/td><td>4<\/td><td>17,5<\/td><td>12,50<\/td><\/tr><\/tbody><\/table><\/figure>\n\n\n\n<p>Der Seniorenpreis ging an: Michael Preuschoff &#8211; M\u00e4nner-Turn-Verein Langenberg<\/p>\n\n\n\n<p>Der Damenpreis ging an: Dagmar Holzmann &#8211; SF 1974 Heinsberg. <\/p>\n\n\n\n<p>Jugendpreis U18 gewann: Luka Tesic &#8211; SV Turm Kamp-Lintfort<\/p>\n\n\n\n<p>Jugendpreis U12 gewann: Jona Kats &#8211; Turn- und SPVERi e<\/p>\n\n\n\n<p>Ratinggruppe 1501 &#8211; 1750 gewann: Fabian Kautny &#8211; SK Turm Schiefbahn<\/p>\n\n\n\n<p>Ratinggruppe 1251 &#8211; 1500 gewann: Niklas Menningen &#8211; SC Steinfurt 1996 e. V. <\/p>\n\n\n\n<p>Ratinggruppe 1001 &#8211; 1250 gewann: Alexander Krugmann &#8211; M\u00e4rkischer Springer Halver-Schal<\/p>\n\n\n\n<p>Ratinggruppe 1 &#8211; 1000 gewann: Emil Meye &#8211; Kettwiger SG (Da Jona Kats bereits einen Preis gewonnen hat)<\/p>\n\n\n\n<p>Ratinggruppe DWZ-Lose gewann: Andre St\u00fcckemann &#8211; SV Blau-Wei\u00df Concordia 07\/24 Viersen<\/p>\n\n\n\n<p>Herzlichen Gl\u00fcckwunsch an alle Gewinner. <br \/>Vielen dank f\u00fcr euer Feedback. <br \/>Wir hoffen euch im n\u00e4chsten Jahr wieder zu sehen. <\/p>\n\n\n\n<p><\/p>\n\n\n\n<p>Ergebnisse Turm Schiefbahn<\/p>\n\n\n\n<figure class=\"wp-block-table\"><table class=\"has-fixed-layout\"><tbody><tr><td>Spieler<\/td><td>Punkte \/ Platzierung<\/td><\/tr><tr><td>Fabian Kautny<\/td><td>4\/5 Platz 11<\/td><\/tr><tr><td>Gero Meller<\/td><td>4\/5 Platz 13<\/td><\/tr><tr><td>Yannick Loge<\/td><td>3\/5 Platz 33<\/td><\/tr><tr><td>Alan Grzemba<\/td><td>3\/5 Platz 45<\/td><\/tr><tr><td>Mark Dvornyk<\/td><td>2\/5 Platz 55<\/td><\/tr><tr><td>Harald Ricken<\/td><td>2\/5 Platz 63<\/td><\/tr><tr><td>Jakob Haar<\/td><td>2\/5 Platz 66<\/td><\/tr><tr><td>Z\u00fcbeyr Colak<\/td><td>1\/5 Platz 87<\/td><\/tr><tr><td>Charlotte Kraus<\/td><td>1\/5 Platz 92<\/td><\/tr><\/tbody><\/table><\/figure>\n\n\n\n<figure class=\"wp-block-image size-large\"><a href=\"https:\/\/turmschiefbahn.de\/wp-content\/uploads\/2025\/05\/IMG_2394.jpg\"><img loading=\"lazy\" decoding=\"async\" width=\"1024\" height=\"683\" src=\"https:\/\/turmschiefbahn.de\/wp-content\/uploads\/2025\/05\/IMG_2394-1024x683.jpg\" alt=\"\" class=\"wp-image-5731\" srcset=\"https:\/\/turmschiefbahn.de\/wp-content\/uploads\/2025\/05\/IMG_2394-1024x683.jpg 1024w, https:\/\/turmschiefbahn.de\/wp-content\/uploads\/2025\/05\/IMG_2394-640x427.jpg 640w, https:\/\/turmschiefbahn.de\/wp-content\/uploads\/2025\/05\/IMG_2394-768x512.jpg 768w, https:\/\/turmschiefbahn.de\/wp-content\/uploads\/2025\/05\/IMG_2394-1536x1024.jpg 1536w, https:\/\/turmschiefbahn.de\/wp-content\/uploads\/2025\/05\/IMG_2394.jpg 1620w\" sizes=\"auto, (max-width: 1024px) 100vw, 1024px\" \/><\/a><\/figure>\n\n\n\n<figure class=\"wp-block-image size-large\"><a href=\"https:\/\/turmschiefbahn.de\/wp-content\/uploads\/2025\/05\/IMG_3998-scaled.jpg\"><img loading=\"lazy\" decoding=\"async\" width=\"1024\" height=\"576\" src=\"https:\/\/turmschiefbahn.de\/wp-content\/uploads\/2025\/05\/IMG_3998-1024x576.jpg\" alt=\"\" class=\"wp-image-5799\" srcset=\"https:\/\/turmschiefbahn.de\/wp-content\/uploads\/2025\/05\/IMG_3998-1024x576.jpg 1024w, https:\/\/turmschiefbahn.de\/wp-content\/uploads\/2025\/05\/IMG_3998-640x360.jpg 640w, https:\/\/turmschiefbahn.de\/wp-content\/uploads\/2025\/05\/IMG_3998-768x432.jpg 768w, https:\/\/turmschiefbahn.de\/wp-content\/uploads\/2025\/05\/IMG_3998-1536x864.jpg 1536w, https:\/\/turmschiefbahn.de\/wp-content\/uploads\/2025\/05\/IMG_3998-2048x1152.jpg 2048w\" sizes=\"auto, (max-width: 1024px) 100vw, 1024px\" \/><\/a><\/figure>\n\n\n\n<figure class=\"wp-block-image size-large\"><a href=\"https:\/\/turmschiefbahn.de\/wp-content\/uploads\/2025\/05\/IMG_4003-scaled.jpg\"><img loading=\"lazy\" decoding=\"async\" width=\"1024\" height=\"576\" src=\"https:\/\/turmschiefbahn.de\/wp-content\/uploads\/2025\/05\/IMG_4003-1024x576.jpg\" alt=\"\" class=\"wp-image-5802\" srcset=\"https:\/\/turmschiefbahn.de\/wp-content\/uploads\/2025\/05\/IMG_4003-1024x576.jpg 1024w, https:\/\/turmschiefbahn.de\/wp-content\/uploads\/2025\/05\/IMG_4003-640x360.jpg 640w, https:\/\/turmschiefbahn.de\/wp-content\/uploads\/2025\/05\/IMG_4003-768x432.jpg 768w, https:\/\/turmschiefbahn.de\/wp-content\/uploads\/2025\/05\/IMG_4003-1536x864.jpg 1536w, https:\/\/turmschiefbahn.de\/wp-content\/uploads\/2025\/05\/IMG_4003-2048x1152.jpg 2048w\" sizes=\"auto, (max-width: 1024px) 100vw, 1024px\" \/><\/a><\/figure>\n\n\n\n<figure class=\"wp-block-image size-large\"><a href=\"https:\/\/turmschiefbahn.de\/wp-content\/uploads\/2025\/05\/IMG_2364-1.jpg\"><img loading=\"lazy\" decoding=\"async\" width=\"1024\" height=\"683\" src=\"https:\/\/turmschiefbahn.de\/wp-content\/uploads\/2025\/05\/IMG_2364-1-1024x683.jpg\" alt=\"\" class=\"wp-image-5701\" srcset=\"https:\/\/turmschiefbahn.de\/wp-content\/uploads\/2025\/05\/IMG_2364-1-1024x683.jpg 1024w, https:\/\/turmschiefbahn.de\/wp-content\/uploads\/2025\/05\/IMG_2364-1-640x427.jpg 640w, https:\/\/turmschiefbahn.de\/wp-content\/uploads\/2025\/05\/IMG_2364-1-768x512.jpg 768w, https:\/\/turmschiefbahn.de\/wp-content\/uploads\/2025\/05\/IMG_2364-1-1536x1024.jpg 1536w, https:\/\/turmschiefbahn.de\/wp-content\/uploads\/2025\/05\/IMG_2364-1.jpg 1620w\" sizes=\"auto, (max-width: 1024px) 100vw, 1024px\" \/><\/a><\/figure>\n\n\n\n<figure class=\"wp-block-image size-large\"><a href=\"https:\/\/turmschiefbahn.de\/wp-content\/uploads\/2025\/05\/IMG_2282.jpg\"><img loading=\"lazy\" decoding=\"async\" width=\"1024\" height=\"683\" src=\"https:\/\/turmschiefbahn.de\/wp-content\/uploads\/2025\/05\/IMG_2282-1024x683.jpg\" alt=\"\" class=\"wp-image-5601\" srcset=\"https:\/\/turmschiefbahn.de\/wp-content\/uploads\/2025\/05\/IMG_2282-1024x683.jpg 1024w, https:\/\/turmschiefbahn.de\/wp-content\/uploads\/2025\/05\/IMG_2282-640x427.jpg 640w, https:\/\/turmschiefbahn.de\/wp-content\/uploads\/2025\/05\/IMG_2282-768x512.jpg 768w, https:\/\/turmschiefbahn.de\/wp-content\/uploads\/2025\/05\/IMG_2282-1536x1024.jpg 1536w, https:\/\/turmschiefbahn.de\/wp-content\/uploads\/2025\/05\/IMG_2282.jpg 1620w\" sizes=\"auto, (max-width: 1024px) 100vw, 1024px\" \/><\/a><\/figure>\n","protected":false},"excerpt":{"rendered":"<p>Vom 10.05.2025 &#8211; 11.05.2025 fand unser 4. Willicher Wochenendturnier statt. Hier findet ihr unsere Ausschreibung: Willicher-Wochenendturnier-2025-Ausschreibung Teilnehmerliste, Paarungen, Ergebnisse 101 Teilnehmer trafen sich letztes Wochenende um gemeinsam Schach zu spielen. Besonders erfreulich war, dass auch diesmal wieder Titeltr\u00e4ger und Spieler aus dem Ausland teilnahmen.Aus den eigenen Reihen kamen 9 Spieler zusammen. Terminlich kollidierte unser Wochenendturnier [&hellip;]<\/p>\n","protected":false},"author":7,"featured_media":0,"parent":0,"menu_order":0,"comment_status":"closed","ping_status":"closed","template":"","meta":{"footnotes":""},"class_list":["post-5098","page","type-page","status-publish","hentry","wpbf-post"],"_links":{"self":[{"href":"https:\/\/turmschiefbahn.de\/index.php?rest_route=\/wp\/v2\/pages\/5098","targetHints":{"allow":["GET"]}}],"collection":[{"href":"https:\/\/turmschiefbahn.de\/index.php?rest_route=\/wp\/v2\/pages"}],"about":[{"href":"https:\/\/turmschiefbahn.de\/index.php?rest_route=\/wp\/v2\/types\/page"}],"author":[{"embeddable":true,"href":"https:\/\/turmschiefbahn.de\/index.php?rest_route=\/wp\/v2\/users\/7"}],"replies":[{"embeddable":true,"href":"https:\/\/turmschiefbahn.de\/index.php?rest_route=%2Fwp%2Fv2%2Fcomments&post=5098"}],"version-history":[{"count":87,"href":"https:\/\/turmschiefbahn.de\/index.php?rest_route=\/wp\/v2\/pages\/5098\/revisions"}],"predecessor-version":[{"id":5804,"href":"https:\/\/turmschiefbahn.de\/index.php?rest_route=\/wp\/v2\/pages\/5098\/revisions\/5804"}],"wp:attachment":[{"href":"https:\/\/turmschiefbahn.de\/index.php?rest_route=%2Fwp%2Fv2%2Fmedia&parent=5098"}],"curies":[{"name":"wp","href":"https:\/\/api.w.org\/{rel}","templated":true}]}}