{"id":5335,"date":"2025-02-10T08:50:56","date_gmt":"2025-02-10T07:50:56","guid":{"rendered":"https:\/\/turmschiefbahn.de\/?page_id=5335"},"modified":"2026-02-01T18:06:05","modified_gmt":"2026-02-01T17:06:05","slug":"jugend","status":"publish","type":"page","link":"https:\/\/turmschiefbahn.de\/?page_id=5335","title":{"rendered":"Jugend"},"content":{"rendered":"\n<p><br \/>Beim Schachklub Turm Schiefbahn 1931 trainieren aktuell ca. 30 Kinder und Jugendliche im Alter von 7 bis 18 Jahren, darunter 5 M\u00e4dchen.<br \/><br \/>Wir bieten ein umfangreiches Jugendtraining und andere Aktivit\u00e4ten an, um die schachsportliche Entwicklung und den Zusammenhalt der Jugend zu f\u00f6rdern. Dazu gibt es verschiedene Trainingsm\u00f6glichkeiten, um den unterschiedlichen Spielst\u00e4rken und Zielen der Jugendlichen gerecht zu werden. Egal ob Anf\u00e4nger, begeisterter Hobbyspieler oder ambitionierter Schachsportler \u2013 bei uns ist f\u00fcr jeden etwas dabei!<br \/><br \/>Eine \u00dcbersicht \u00fcber unsere Trainingstage und -gruppen findest Du hier: <a href=\"https:\/\/turmschiefbahn.de\/?page_id=5277\" data-type=\"link\" data-id=\"https:\/\/turmschiefbahn.de\/?page_id=5277\">Training<\/a><\/p>\n\n\n\n<p>In der laufenden Saison nehmen wir mit f\u00fcnf Jugendmannschaften in verschiedenen Altersklassen am Spielbetrieb teil: <a href=\"https:\/\/turmschiefbahn.de\/?page_id=3472\" data-type=\"link\" data-id=\"https:\/\/turmschiefbahn.de\/?page_id=3472\">Mannschaften<\/a><br \/><br \/>Die st\u00e4rkeren Jugendlichen kommen zudem auch mit Erfolg in unserer 1. und 2. Mannschaft zum Einsatz.<br \/><br \/>Dar\u00fcber hinaus starten unsere Jugendlichen regelm\u00e4\u00dfig bei den Einzelmeisterschaften auf Bezirks-, Verbands- und NRW-Ebene sowie bei verschiedenen offenen Turnieren im Umkreis. Dabei sind wir h\u00e4ufig in gr\u00f6\u00dferen Gruppen unterwegs, was den Zusammenhalt und die Motivation der Kinder zus\u00e4tzlich f\u00f6rdert. Details findest du hier: <a href=\"https:\/\/turmschiefbahn.de\/?page_id=5343\" data-type=\"link\" data-id=\"https:\/\/turmschiefbahn.de\/?page_id=5343\">Turniere<\/a><br \/><br \/>Im Jahr 2025 planen wir erstmalig eine Sommerfreizeit in einem Ferienpark in Holland. Dies soll der j\u00e4hrliche H\u00f6hepunkt verschiedener Gemeinschaftsaktivit\u00e4ten werden, zu denen weiterhin z.B. ein Sommerfest, eine Weihnachtsfeier mit Nikolausturnier oder diverse<br \/>Trainingswochenenden geh\u00f6ren. Mehr dazu gibt es hier: <a href=\"https:\/\/turmschiefbahn.de\/?page_id=5347\" data-type=\"link\" data-id=\"https:\/\/turmschiefbahn.de\/?page_id=5347\">Aktivit\u00e4ten<\/a><\/p>\n\n\n\n<p>Steckbriefe zu unseren Trainern findest du hier: <a href=\"https:\/\/turmschiefbahn.de\/?page_id=5404\" data-type=\"link\" data-id=\"https:\/\/turmschiefbahn.de\/?page_id=5404\">Trainersteckbriefe<\/a><br \/><br \/>Du bist neugierig geworden? Dann vereinbare gerne einen Termin zu einem Probetraining bei uns! Unter der Email <strong>jugendwart(at)turmschiefbahn.de<\/strong> kannst Du unseren Jugendwart Andre Wokrina und Nils Segermann kontaktieren und weitere Informationen erhalten. Wir freuen uns auf Dich!<\/p>\n","protected":false},"excerpt":{"rendered":"<p>Beim Schachklub Turm Schiefbahn 1931 trainieren aktuell ca. 30 Kinder und Jugendliche im Alter von 7 bis 18 Jahren, darunter 5 M\u00e4dchen. Wir bieten ein umfangreiches Jugendtraining und andere Aktivit\u00e4ten an, um die schachsportliche Entwicklung und den Zusammenhalt der Jugend zu f\u00f6rdern. Dazu gibt es verschiedene Trainingsm\u00f6glichkeiten, um den unterschiedlichen Spielst\u00e4rken und Zielen der Jugendlichen [&hellip;]<\/p>\n","protected":false},"author":7,"featured_media":0,"parent":0,"menu_order":0,"comment_status":"closed","ping_status":"closed","template":"","meta":{"footnotes":""},"class_list":["post-5335","page","type-page","status-publish","hentry","wpbf-post"],"_links":{"self":[{"href":"https:\/\/turmschiefbahn.de\/index.php?rest_route=\/wp\/v2\/pages\/5335","targetHints":{"allow":["GET"]}}],"collection":[{"href":"https:\/\/turmschiefbahn.de\/index.php?rest_route=\/wp\/v2\/pages"}],"about":[{"href":"https:\/\/turmschiefbahn.de\/index.php?rest_route=\/wp\/v2\/types\/page"}],"author":[{"embeddable":true,"href":"https:\/\/turmschiefbahn.de\/index.php?rest_route=\/wp\/v2\/users\/7"}],"replies":[{"embeddable":true,"href":"https:\/\/turmschiefbahn.de\/index.php?rest_route=%2Fwp%2Fv2%2Fcomments&post=5335"}],"version-history":[{"count":19,"href":"https:\/\/turmschiefbahn.de\/index.php?rest_route=\/wp\/v2\/pages\/5335\/revisions"}],"predecessor-version":[{"id":6346,"href":"https:\/\/turmschiefbahn.de\/index.php?rest_route=\/wp\/v2\/pages\/5335\/revisions\/6346"}],"wp:attachment":[{"href":"https:\/\/turmschiefbahn.de\/index.php?rest_route=%2Fwp%2Fv2%2Fmedia&parent=5335"}],"curies":[{"name":"wp","href":"https:\/\/api.w.org\/{rel}","templated":true}]}}